{"id":243,"date":"2025-02-07T03:15:44","date_gmt":"2025-02-07T03:15:44","guid":{"rendered":"https:\/\/perfilmarcas.com.br\/?post_type=product&#038;p=243"},"modified":"2025-02-13T02:47:09","modified_gmt":"2025-02-13T02:47:09","slug":"basico","status":"publish","type":"product","link":"https:\/\/perfilmarcas.com.br\/?product=basico","title":{"rendered":"Bas\u00edco"},"content":{"rendered":"<h1 class=\"product_title entry-title\">Registro de Marca Bas\u00edco<\/h1>\n<h3><strong>Economia no registro da sua marca<\/strong>!<\/h3>\n<p>&nbsp;<\/p>\n<p>Assessoria para registro de marca que inclui desde o pedido de registro da marca at\u00e9 a an\u00e1lise do INPI (decis\u00e3o final da possibilidade de registro de marca). Caso a marca seja aceita, realizamos a concess\u00e3o do registro da marca sem custo para voc\u00ea.<\/p>\n<p>&nbsp;<\/p>\n<p>Neste servi\u00e7o n\u00e3o esta incluso a vigil\u00e2ncia de marcas parecidas com a sua. Se voc\u00ea tem interesse nesse servi\u00e7o, opte pelo \u201cRegistro de Marca Intermedi\u00e1rio\u201d ou \u201cRegistro de Marca Avan\u00e7ado\u201d<\/p>\n","protected":false},"excerpt":{"rendered":"<p class=\"cvGsUA direction-ltr align-center para-style-body\"><span class=\"OYPEnA font-feature-liga-off font-feature-clig-off font-feature-calt-off text-decoration-none text-strikethrough-none\">1 Pedido de Registro de Marca<\/span><\/p>\n<p class=\"cvGsUA direction-ltr align-center para-style-body\"><span class=\"OYPEnA font-feature-liga-off font-feature-clig-off font-feature-calt-off text-decoration-none text-strikethrough-none\">Acompanhamento at\u00e9 an\u00e1lise do INPI<\/span><\/p>\n<p class=\"cvGsUA direction-ltr align-center para-style-body\"><span class=\"OYPEnA font-feature-liga-off font-feature-clig-off font-feature-calt-off text-decoration-none text-strikethrough-none\">Concess\u00e3o da Marca (gratuito)<\/span><\/p>\n","protected":false},"featured_media":259,"template":"","meta":[],"product_brand":[],"product_cat":[22],"product_tag":[],"class_list":{"0":"post-243","1":"product","2":"type-product","3":"status-publish","4":"has-post-thumbnail","6":"product_cat-registro-de-marca","8":"first","9":"instock","10":"sale","11":"purchasable","12":"product-type-simple"},"_links":{"self":[{"href":"https:\/\/perfilmarcas.com.br\/index.php?rest_route=\/wp\/v2\/product\/243","targetHints":{"allow":["GET"]}}],"collection":[{"href":"https:\/\/perfilmarcas.com.br\/index.php?rest_route=\/wp\/v2\/product"}],"about":[{"href":"https:\/\/perfilmarcas.com.br\/index.php?rest_route=\/wp\/v2\/types\/product"}],"version-history":[{"count":2,"href":"https:\/\/perfilmarcas.com.br\/index.php?rest_route=\/wp\/v2\/product\/243\/revisions"}],"predecessor-version":[{"id":803,"href":"https:\/\/perfilmarcas.com.br\/index.php?rest_route=\/wp\/v2\/product\/243\/revisions\/803"}],"wp:featuredmedia":[{"embeddable":true,"href":"https:\/\/perfilmarcas.com.br\/index.php?rest_route=\/wp\/v2\/media\/259"}],"wp:attachment":[{"href":"https:\/\/perfilmarcas.com.br\/index.php?rest_route=%2Fwp%2Fv2%2Fmedia&parent=243"}],"wp:term":[{"taxonomy":"product_brand","embeddable":true,"href":"https:\/\/perfilmarcas.com.br\/index.php?rest_route=%2Fwp%2Fv2%2Fproduct_brand&post=243"},{"taxonomy":"product_cat","embeddable":true,"href":"https:\/\/perfilmarcas.com.br\/index.php?rest_route=%2Fwp%2Fv2%2Fproduct_cat&post=243"},{"taxonomy":"product_tag","embeddable":true,"href":"https:\/\/perfilmarcas.com.br\/index.php?rest_route=%2Fwp%2Fv2%2Fproduct_tag&post=243"}],"curies":[{"name":"wp","href":"https:\/\/api.w.org\/{rel}","templated":true}]}}